-w*s - 3*j + 9 + 4. Let c(z) = -z + 6. What is the units digit of c(s)?
1
Let u = 82 + -17. Let l = -11 + 18. Suppose -l = 5*m + 4*v - 73, -5*m + u = 5*v. What is the units digit of m?
4
Let f(q) = -q + 12. What is the units digit of f(-9)?
1
Suppose -4*u = -5*u + 3. Suppose 9 = 3*d - u*f, -4*d - 5*f - 2 = 4. What is the units digit of d?
1
Let g be (0 + 0)*1/1. Suppose p - 5 + 1 = g. Suppose -8*z + 8 = -p*z. What is the units digit of z?
2
Let z = 3 - -3. Let d(m) = 3*m**2 - 4*m + 2. Let t(k) = k**2 + k - 1. Let p(n) = d(n) - 2*t(n). What is the units digit of p(z)?
4
Let w(n) = -n**2 + 4*n + 10. Let h be w(5). Suppose h*p + 10*x - 5*x = 230, 2*x = 3*p - 153. What is the tens digit of p?
4
Suppose 0 = 4*q, -2*n + 4*n - 2*q = -40. What is the units digit of (-156)/n - 3/(-15)?
8
Suppose -5*s + d + 0*d = -32, -5*s + 4*d + 38 = 0. Let w be -21*(20/s)/(-2). Suppose -2*n - 3*n + 5*g + w = 0, -2 = g. What is the units digit of n?
5
Suppose 0 = m - 0*m + 3*t - 79, 0 = 3*t. What is the units digit of m?
9
Let j be 1*(-1)/3*-9. Suppose 0 = 2*p - 0*p - 5*x - 30, -x = j*p - 28. What is the units digit of p?
0
Let z(u) = -u**2 - u - 7. Let c be z(0). What is the tens digit of 2/c - (-680)/28?
2
Let s(t) be the third derivative of -t**4/12 + 4*t**3/3 + 3*t**2. What is the tens digit of s(-7)?
2
Let q(i) be the second derivative of -i**3/6 + 5*i**2 + i. Let d be 8 + (-2)/(-4)*2. What is the units digit of q(d)?
1
Let s(n) = 5*n. Let k be 0/(0 + -2) + -3. Let t(f) = 5*f. Let a(h) = k*s(h) + 4*t(h). What is the units digit of a(3)?
5
Let k = 378 + -241. What is the units digit of k?
7
Suppose 2*d = -3*s + 22, -2*d + s = -d - 6. Let f = -12 + d. Let t = 5 + f. What is the units digit of t?
1
Let h = -1 + 1. Suppose -5*p + 3*o - o + 15 = h, -o - 6 = -2*p. What is the units digit of p?
3
Let n = 0 + -1. Let c = -7 + n. Let z = -1 - c. What is the units digit of z?
7
Let m = 6 + -8. Let z be (8/m)/2 - -1. What is the units digit of z/(((-3)/(-7))/(-3))?
7
Let h be (6/9)/(6/(-9)). Let b(z) = -9*z + 1. What is the tens digit of b(h)?
1
Let c(a) = 7 - 3 + 4*a + 0*a. What is the units digit of c(4)?
0
What is the units digit of (-1 + 3)/((-2)/(-15))?
5
Suppose -3*t + 20 = 2. Let m(w) be the first derivative of w**3/3 - 2*w**2 - 4*w - 1. What is the units digit of m(t)?
8
Suppose -54 = -m + 225. What is the tens digit of m?
7
Let z(f) = 3*f + 1. Let p be 2/((-3)/(-1 - 2)). Let v be z(p). Suppose 9 = 2*b - v. What is the units digit of b?
8
Let a(v) = 3*v. Let w be a(-11). Let b = -15 - w. What is the tens digit of b?
1
Let g be (-3 - 1)/(-4) + 1. Suppose -1 = -3*d - g*q + 43, -3*q = -d + 11. What is the tens digit of d?
1
Suppose -5*r = 2*d - 275, -710 + 70 = -5*d - 3*r. Suppose 0*w - 5*w = -d. What is the units digit of w?
5
Let k = 3 - -2. Suppose k*b - 23 = 12. What is the units digit of b?
7
Let k(b) = -18*b. Let c be k(1). What is the tens digit of 4/c - (-4776)/108?
4
Suppose 30 = 4*c - 5*y, 3*c - 21 = -2*c - 2*y. Suppose 2*u - c*z + 25 = 7*u, -2*u + 2*z + 10 = 0. What is the units digit of u?
5
Let f = -8 - -119. What is the tens digit of f?
1
Suppose 2*p - 30 = -3*p. Let q be 2*(9/p)/(-1). What is the units digit of (q - (-1 - 1))*-3?
3
Let c(k) = -k**3 + 15*k**2 - 18*k - 9. What is the tens digit of c(13)?
9
Let b be -15*(-5 + (-4)/(-2)). Let r = -18 + b. What is the units digit of r?
7
Suppose l - 5 - 6 = 0. What is the units digit of l?
1
Let n = 10 - 7. Suppose -2*s + 10 = n*s. What is the units digit of s?
2
Let f(y) = 3*y**3. What is the units digit of f(1)?
3
Let l = 14 + 26. What is the units digit of l?
0
What is the tens digit of 0 - -384 - 3/(18/12)?
8
Suppose 20 = -0*j + 4*j. Suppose j*o - 3*p - 1 = 0, 0 = -3*o + 2*p + 3*p - 9. What is the units digit of 1/o*2 - -6?
7
What is the tens digit of (-38)/5*30/(-9)*3?
7
Suppose 2*i + 1 = -0*i - u, -i + 10 = 4*u. Let y = i - -4. Suppose y*h - 8 = -0. What is the units digit of h?
4
Suppose 2 - 77 = -3*r. Suppose t - 31 = 2*i, -2*t + 2*i + 27 = -r. What is the units digit of t?
1
Let i(k) be the second derivative of 1/2*k**2 + 0 - k - 1/12*k**4 + 0*k**3. What is the units digit of i(0)?
1
Let g(m) = m**2 - 6*m + 6. Let q(y) = -3 - y - 3*y + 7*y. Let n be q(3). What is the units digit of g(n)?
6
Let p(f) = -f**3 + 4*f**2 - f - 1. Suppose -2*w + 6 = -0*w. What is the units digit of p(w)?
5
Suppose 2*q + 12 = 2*s, -s - 4*q + 3 + 13 = 0. Let b be ((-2)/(-8))/(2/s). What is the units digit of 1 + (-2 - b) - -11?
9
What is the units digit of 6/(-10) - (-166)/10?
6
Let g = -2 - -7. Suppose -2*r + n = 6*n - 27, -g*r = -4*n + 15. What is the units digit of r?
1
Let u = 11 + -6. Suppose -3*k - 1 + 17 = 4*z, -4*k + 42 = -u*z. Suppose -q + 0 = -2*m + 4, -k = 2*m - 4*q. What is the units digit of m?
4
Let s be (-36)/(-3)*1/3. What is the tens digit of (468/16)/3*s?
3
Suppose 69 = m - 0*m + 4*u, -4*m + 366 = -2*u. What is the units digit of m?
9
Let j(r) = -r**3 - r + 5. Let a = 0 + 0. Let o be j(a). Suppose 0 = o*u - f - 39, -2*u + 3*f + 5 = -u. What is the units digit of u?
8
Let f(h) = h - 3. Let q(g) = g + 20. Let a be q(0). Let i be (-1)/(-5) - (-116)/a. What is the units digit of f(i)?
3
Let a(f) = -3*f - 3. Let l be a(-5). Suppose -l + 0 = -4*i. What is the units digit of i?
3
Suppose 4*g + b - 43 = 0, 4*g - 4*b = b + 73. Suppose -2*n = g - 40. What is the tens digit of n?
1
Let f = -4 + 7. Let n be 8/(-10) + f/(-15). Let x = n + 12. What is the tens digit of x?
1
Suppose 4*i + 5*n = 2*i + 15, 5*i - 15 = -5*n. Let s = i - -18. What is the tens digit of s?
1
Let o(p) = -11*p**3 + 3*p**2 + 7*p + 2. What is the units digit of o(-2)?
8
Let q(x) = -2*x - 4. Let l be q(5). Let h = -16 - -13. What is the units digit of l/h + 10/(-15)?
4
Let b be (0 - 1)/((-2)/(-18)). Suppose 2*q + 18 = -s, 0*q - 41 = 3*q + 5*s. Let z = q - b. What is the units digit of z?
2
Suppose 0 = i - 13. Suppose 0 = -c + 3 + i. What is the units digit of c?
6
Let z be 1/((-81)/39 - -2). Let y = z + 40. What is the units digit of y?
7
Let i(u) = -u**2 - 15*u + 10. What is the units digit of i(-15)?
0
Let q = -5 + 9. Let r = 3 - q. What is the tens digit of -22*(-2)/(-4)*r?
1
Let k(l) = 2*l**2. Let m be k(1). Let z be (2/4)/(m/12). Suppose 28 = z*s + 7. What is the units digit of s?
7
Let s = 23 - 19. Suppose -7*j = -9*j + s. What is the units digit of j?
2
What is the hundreds digit of ((-42)/9 - 0)*-30?
1
Suppose 4*r - 5*p = 66, 0 = 5*r - p - 2 - 70. Let z(c) = -c**3 + 7*c**2 + 8*c + 1. Let u be z(8). Suppose -r = -s - u. What is the units digit of s?
3
Suppose 3*i + 7 = 2*u, 3*u + 4*i - 3*i - 27 = 0. What is the units digit of u?
8
Let r(k) = k**2 + 3*k - 3. Let l be r(-3). What is the units digit of 2/l + (-16)/(-6)?
2
Let x be (3 + -3)/(1 - 2). Suppose -2*f = 5*y - 38, -3*y - 2*f - 3*f + 19 = x. What is the units digit of y?
8
Let x be (0 - (-8)/6)*3. Suppose 0 = -4*j + j + 4*s + 29, -x*j = -3*s - 27. What is the units digit of j/2 + 5/10?
2
Suppose -t + 310 = t - 3*r, 4*r = -5*t + 752. What is the units digit of t?
2
Let j be -5*(0 + 1 + 0). What is the units digit of (-14)/35 - 12/j?
2
Suppose 2*j - 3*m = -20, -5*j - 4*m + 3*m - 16 = 0. Let b = j + 9. Let p = 10 - b. What is the units digit of p?
5
Suppose 0 = 3*u - 2*s + 7, 0 = -2*u + u + 2*s + 3. What is the tens digit of -3 + 5/(u/(-14))?
1
Let u(w) = -32*w - 15. What is the tens digit of u(-4)?
1
Suppose -5*c - 86 = -2*p + 177, 3*p - c = 375. What is the units digit of p?
4
Suppose 0 = u - 1. Suppose 0 = -0*z + 4*z - 36. Let p = z + u. What is the tens digit of p?
1
Let x(t) = 7*t - 5. Let j be x(3). Let r = j - -22. What is the tens digit of r?
3
Let u(y) be the second derivative of 7/12*y**4 - 1/20*y**5 + 0 - y**3 + 1/2*y**2 - 3*y. What is the units digit of u(6)?
1
Let w(q) = q + 13. Let u be w(-8). Let d = u + -3. Suppose -5*r + 31 = -4*k, 3*k + 6 = d*r - 4*r. What is the units digit of r?
3
Suppose -2*d + 3*d - 8 = 0. What is the units digit of d?
8
Let h(b) be the second derivative of b**4/12 + 4*b**3/3 + 7*b**2/2 + b. Let t = 12 + -20. What is the units digit of h(t)?
7
Let k(j) = j**3 - 5*j**2 - 6. Let p be k(5). Let x be (12/5)/(p/(-15)). Suppose -27 = -x*s + 3*s. What is the units digit of s?
9
Let v be (-1 + 0)/(1/(-7)). Suppose 3 + 12 = 5*s. Suppose -2*q + o - v = -6*q, 